sands digit of 34736695?
3
What is the millions digit of 19512443?
9
What is the thousands digit of 1732823245?
3
What is the ten millions digit of 67275345?
6
What is the thousands digit of 14100727?
0
What is the hundreds digit of 550631719?
7
What is the hundred millions digit of 133327067?
1
What is the hundred millions digit of 253988063?
2
What is the ten thousands digit of 332071028?
7
What is the millions digit of 379167259?
9
What is the hundred millions digit of 1267859321?
2
What is the hundred millions digit of 4941006223?
9
What is the ten millions digit of 747715491?
4
What is the units digit of 3948116963?
3
What is the ten thousands digit of 117350454?
5
What is the millions digit of 89967025?
9
What is the hundred millions digit of 106919500?
1
What is the thousands digit of 626030636?
0
What is the hundred thousands digit of 234842605?
8
What is the tens digit of 3453907?
0
What is the thousands digit of 227810030?
0
What is the ten thousands digit of 23391486?
9
What is the ten thousands digit of 126600470?
0
What is the ten thousands digit of 239177676?
7
What is the ten thousands digit of 2671173195?
7
What is the millions digit of 5136914?
5
What is the hundreds digit of 310058660?
6
What is the millions digit of 7952960?
7
What is the units digit of 355081702?
2
What is the ten thousands digit of 125332869?
3
What is the hundreds digit of 811017185?
1
What is the millions digit of 190977414?
0
What is the hundreds digit of 379043653?
6
What is the hundred thousands digit of 1128019515?
0
What is the hundreds digit of 2067264007?
0
What is the hundred millions digit of 770724259?
7
What is the millions digit of 857871124?
7
What is the hundred thousands digit of 359101957?
1
What is the hundred millions digit of 159583228?
1
What is the millions digit of 113069208?
3
What is the hundred thousands digit of 33089867?
0
What is the ten thousands digit of 250372991?
7
What is the millions digit of 424521671?
4
What is the tens digit of 252978964?
6
What is the ten thousands digit of 449246732?
4
What is the millions digit of 130615616?
0
What is the hundreds digit of 1465033148?
1
What is the ten thousands digit of 57030484?
3
What is the ten thousands digit of 1510659158?
5
What is the millions digit of 91773434?
1
What is the millions digit of 451659663?
1
What is the ten thousands digit of 14523747?
2
What is the hundreds digit of 2372318504?
5
What is the tens digit of 260385479?
7
What is the tens digit of 1046215401?
0
What is the units digit of 976963584?
4
What is the ten millions digit of 850138733?
5
What is the hundred thousands digit of 577694789?
6
What is the thousands digit of 153980251?
0
What is the millions digit of 213555859?
3
What is the tens digit of 3446507138?
3
What is the millions digit of 174527496?
4
What is the tens digit of 100769731?
3
What is the ten thousands digit of 1800094347?
9
What is the millions digit of 4874011?
4
What is the ten thousands digit of 2654721221?
2
What is the ten thousands digit of 87233349?
3
What is the units digit of 59864272?
2
What is the ten thousands digit of 37260119?
6
What is the thousands digit of 90308613?
8
What is the units digit of 343840511?
1
What is the thousands digit of 3168682640?
2
What is the hundred millions digit of 2811026358?
8
What is the hundreds digit of 4350541383?
3
What is the thousands digit of 2477379952?
9
What is the hundreds digit of 189393673?
6
What is the units digit of 230752409?
9
What is the millions digit of 26358115?
6
What is the thousands digit of 793648243?
8
What is the hundred thousands digit of 766568973?
5
What is the millions digit of 92924250?
2
What is the units digit of 158730585?
5
What is the hundred thousands digit of 8588763?
5
What is the thousands digit of 1693802781?
2
What is the hundred millions digit of 439687619?
4
What is the hundreds digit of 15074772?
7
What is the ten thousands digit of 6302347158?
4
What is the hundred thousands digit of 50840557?
8
What is the hundreds digit of 1173326048?
0
What is the millions digit of 4249574874?
9
What is the millions digit of 3157642361?
7
What is the ten thousands digit of 497525761?
2
What is the hundred millions digit of 138100993?
1
What is the hundreds digit of 5834826?
8
What is the tens digit of 99122043?
4
What is the tens digit of 1217131133?
3
What is the billions digit of 4617155262?
4
What is the units digit of 655068140?
0
What is the tens digit of 673242360?
6
What is the hundred thousands digit of 4277748422?
7
What is the hundred thousands digit of 5471967807?
9
What is the ten thousands digit of 40262176?
6
What is the tens digit of 7961561324?
2
What is the ten millions digit of 423608998?
2
What is the thousands digit of 1266957027?
7
What is the hundred thousands digit of 27365505?
3
What is the hundred thousands digit of 498291350?
2
What is the hundred millions digit of 2061971084?
0
What is the units digit of 617446836?
6
What is the tens digit of 124370997?
9
What is the hundreds digit of 159156816?
8
What is the hundreds digit of 1072415262?
2
What is the hundreds digit of 297123575?
5
What is the hundreds digit of 1533354125?
1
What is the hundreds digit of 377930342?
3
What is the tens digit of 162565990?
9
What is the thousands digit of 5017190908?
0
What is the hundred thousands digit of 92117080?
1
What is the hundreds digit of 110126231?
2
What is the tens digit of 519222456?
5
What is the thousands digit of 1461196812?
6
What is the ten millions digit of 32664359?
3
What is the hundreds digit of 130462328?
3
What is the hundreds digit of 62666542?
5
What is the millions digit of 51690943?
1
What is the hundred millions digit of 5762098947?
7
What is the ten thousands digit of 55788015?
8
What is the hundreds digit of 221131522?
5
What is the hundred thousands digit of 737562264?
5
What is the hundred thousands digit of 19894823?
8
What is the hundreds digit of 213332796?
7
What is the hundred thousands digit of 471668906?
6
What is the units digit of 24766965?
5
What is the hundred thousands digit of 49717919?
7
What is the ten millions digit of 25361514?
2
What is the thousands digit of 376381883?
1
What is the hundred thousands digit of 190697142?
6
What is the tens digit of 10084382?
8
What is the ten thousands digit of 52431425?
3
What is the units digit of 286311102?
2
What is the hundred thousands digit of 43130016?
1
What is the millions digit of 17929794?
7
What is the units digit of 2913802233?
3
What is the hundred thousands digit of 201885777?
8
What is the hundred millions digit of 927483425?
9
What is the millions digit of 152577211?
2
What is the units digit of 4227854826?
6
What is the hundreds digit of 818299125?
1
What is the thousands digit of 157214167?
4
What is the units digit of 174159?
9
What is the hundreds digit of 42836582?
5
What is the ten thousands digit of 216332878?
3
What is the units digit of 1595684310?
0
What is the units digit of 481886726?
6
What is the hundreds digit of 5465914801?
8
What is the ten thousands digit of 2782246585?
4
What is the hundred thousands digit of 45574278?
5
What is the ten thousands digit of 2111825752?
2
What is the hundreds digit of 237232210?
2
What is the hundred millions digit of 1883777347?
8
What is the units digit of 6011285111?
1
What is the units digit of 2431291379?
9
What is the units digit of 123875313?
3
What is the hundred millions digit of 599842697?
5
What is the thousands digit of 92476499?
6
What is the ten thousands digit of 4855120342?
2
What is the millions digit of 561628336?
1
What is the units digit of 143440618?
8
What is the tens digit of 457378886?
8
What is the hundred millions digit of 1403907925?
4
What is the hundred millions digit of 696150612?
6
What is the units digit of 393656351?
1
What is the millions digit of 1953175159?
3
What is the tens digit of 508479114?
1
What is the millions digit of 679641862?
9
What is the hundred millions digit of 247800600?
2
What is the ten thousands digit of 18035109?
3
What is the units digit of 36048729?
9
What is the hundred thousands digit of 2268141043?
1
What is the units digit of 34062358?
8
What is the hundred thousands digit of 14054379?
0
What is the ten thousands digit of 171641271?
